3*o, -a = v*o - 35 - 3. What is the remainder when a is divided by 9?
8
Let t(s) = -2*s + 41. Let n be t(22). Let p(k) = 4*k + 23. Suppose 5*f = f + 80. Calculate the remainder when f is divided by p(n).
9
Let q = 511 + -479. Let j = 114 + -48. What is the remainder when j is divided by q?
2
Suppose -4*v = -r - 8, -3*v - 2*v + 43 = -4*r. Let d be (3 - -2)/(3/(r/(-10))). Calculate the remainder when 71 is divided by (-5 - -44) + d*-1 + -1.
35
Let n(u) = -u**3 - 2*u**2 + 24*u + 126. What is the remainder when 2995 is divided by n(-5)?
79
Suppose 0 = -5*a + 5*n + 1665, a - 45 - 282 = -2*n. What is the remainder when a is divided by 5?
1
Suppose -9*y + 1560 = 15*y + 16*y. Calculate the remainder when 304 is divided by y.
31
Let z(y) = y**2 - 10*y - 9. Let d be z(11). Suppose 2*o + r - 1048 = -d*o, 3*r + 786 = 3*o. Calculate the remainder when o is divided by 24.
22
Let i(g) = -29*g - 1. Let y be i(-8). Suppose o + 2*o + 4*r - 336 = 0, 0 = 2*o + 5*r - y. What is the remainder when o is divided by 10?
8
Let h = -1137 + 1251. Calculate the remainder when 432 is divided by h.
90
Suppose 10*m = 16*m - 138. Let u(z) = z**3 + 3*z**2 - 2*z - 2. Let r be u(-3). Suppose -r*p = -9*p + 220. What is the remainder when p is divided by m?
21
Let i = -10163 + 10218. Calculate the remainder when 263 is divided by i.
43
Suppose 1193 = 17*f + 190. Let g = -23 - -17. Calculate the remainder when f is divided by 3 + g + -2 + 21.
11
Let n(f) = 2 - 2*f + 0 - 1 + 0 + 39*f. What is the remainder when n(4) is divided by 12?
5
Suppose 8*i - 4*u - 2 = 3*i, -4*i + 16 = 4*u. Suppose 4*z = 8, -5*b + 4*z + 0*z = -22. Calculate the remainder when 2 + (-9)/b*-4 is divided by i.
0
Suppose -7*t + 9*t + 5*q = -5, -2*t = -3*q - 3. Suppose t = 5*b - 8 - 2. Suppose 3 = -4*j + 11. Calculate the remainder when j is divided by b.
0
Let x be (102/4)/(-2 + 69/30). Let g = -31 + x. What is the remainder when g is divided by 19?
16
Let z = 27 + 32. Suppose -3*j = 2*g - 702, -1022*g + 711 = 3*j - 1017*g. What is the remainder when j is divided by z?
55
Let l(z) = z + 54. Let i be l(-7). Suppose -4*u + a = -i, -2*u + 18 = 3*a - 23. Suppose 3*h = 2*h + 25. Calculate the remainder when h is divided by u.
12
Suppose -2*c - 10 = 0, 30 = -4*t + 6*t - 2*c. Suppose -17*p + 1985 = -12*p. What is the remainder when p is divided by t?
7
Suppose -4*r + 5*a + 2840 = 0, 4466*a = 4467*a - 8. Calculate the remainder when r is divided by 40.
0
What is the remainder when 3009 is divided by (-4)/(-18) - ((-13979)/315 - 12/30)?
39
Suppose 25334 - 3707 = 25*f - 34523. Calculate the remainder when f is divided by 1123.
0
Let x(c) = 11*c + 65. Let j be x(-3). Suppose -889 = -j*r + 25*r. What is the remainder when r is divided by 19?
13
Suppose -5*a = 4*g - 1428, 3*a + 14*g = 9*g + 849. Suppose 129*z - a = 120*z. What is the remainder when 38 is divided by z?
6
Let u = 169 - 159. Suppose -172 = -u*d + 6*d. What is the remainder when 82 is divided by d?
39
Suppose n - 94 = -x, 4*n + 3*x + 66 - 440 = 0. Calculate the remainder when 373 is divided by n.
5
Suppose -16*t = -21*t + 30. What is the remainder when 63 is divided by t/(-8) - ((-381)/12 + -2)?
30
Suppose 163*k - 220 = 119*k. Calculate the remainder when 141 is divided by k.
1
Let m(o) = -3*o**2 - 75*o - 110. What is the remainder when 574 is divided by m(-20)?
4
Let v(s) = -2*s**3 - 10*s**2 - 31*s - 21. Let l be v(-7). Suppose 0 = 23*t - 9*t - l. What is the remainder when 74 is divided by t?
18
Let m be ((-23)/23)/((-3)/15). Suppose 6*p - m*c - 69 = 5*p, 12 = 3*c. Calculate the remainder when p is divided by 10.
9
Suppose 0 = -2*u + 2*b + 52, 4*u + 2*b + 11 - 121 = 0. Suppose 5*x - 201 = 39. Calculate the remainder when x is divided by u.
21
Let n(d) = 3*d + 4. Let u be -6*4/(-24)*0. What is the remainder when (u + -2)*36*10/(-20) is divided by n(3)?
10
Suppose o = 95 - 81. What is the remainder when 108 is divided by o/147 - (-1380)/63?
20
Calculate the remainder when (-15)/15*(-79)/1 is divided by 81/5 + 8/(-40).
15
Calculate the remainder when 1864 is divided by 7 + 0/(0 + 2) - -103.
104
Let t = -2696 + 2995. Calculate the remainder when t is divided by 156.
143
What is the remainder when 439 is divided by (-392)/70*-20 + -13?
43
Let a(f) = 28*f + 124. Suppose -17*v - 15 + 15 = 0. What is the remainder when a(v) is divided by 34?
22
Let x = 881 - 827. Let o(q) = 14*q**3 - q. Calculate the remainder when x is divided by o(1).
2
Let c(p) = -13*p + 2308. What is the remainder when c(116) is divided by 251?
47
Suppose -718*a + 680*a = -917 - 3719. Calculate the remainder when 806 is divided by a.
74
Suppose -4*k + 2769 = -k. Suppose 9*g = k + 1282. Calculate the remainder when g is divided by 62.
59
Suppose -2*i + 1 = -7. Let w = i - 2. What is the remainder when w is divided by -4*(1 - -1)/(-4)?
0
Let h = 22255 - 8594. What is the remainder when h is divided by 32?
29
Suppose -h + 8 - 1 = -i, 0 = -2*h - 2*i - 6. Calculate the remainder when ((-368)/23 + 25)/1 is divided by (2 + -1 - -1)*h.
1
Let v = -1724 - -1743. What is the remainder when 1058 is divided by v?
13
Suppose -260*k + 481*k + 356*k = 12694. Suppose -4*n + a = -211, -3*n - 2*a + 161 = -0*n. What is the remainder when n is divided by k?
9
Let t be ((-16)/24)/(2/54). Let h = 19 - t. What is the remainder when h is divided by 13?
11
Let f(h) = 12*h**2 + 259*h - 64. Calculate the remainder when 1337 is divided by f(-22).
3
Suppose 4*l - 27 - 29 = 0. Suppose -338 = -l*a + a. Calculate the remainder when 36 is divided by a.
10
Suppose -5*o + 2*m = -29, 0 = 4*o - 3*m + 14 - 33. Calculate the remainder when 601 is divided by o.
6
Suppose -3*f = -2*d + 5*d - 321, 3*f + 3 = 0. Let c(t) = 672*t - 7355. Calculate the remainder when d is divided by c(11).
34
Let k(f) = -15*f - 177. Let w be k(-12). Let b = -3 - -5. Suppose 0 = r - b*r + w. What is the remainder when 4 is divided by r?
1
Let o(p) = -8*p + 4*p**2 - p**2 - 2*p**2 - 53 - 22*p + 18. Calculate the remainder when 194 is divided by o(33).
2
Let i be -7 + ((-5)/25 + 1)*5. What is the remainder when (i - -8) + (12 - -1) is divided by 4?
2
Suppose 3*x + 3*v - 84 = 2*v, -3*x = -4*v - 99. Suppose 3*f = -x + 188. Calculate the remainder when f is divided by 15.
8
Suppose 4*t + 26*x - 33*x = 215, 157 = 3*t - x. Calculate the remainder when 596 is divided by t.
24
Suppose o = 3*l - 4, o - 14 = -4*l - 2*o. Let w = -22 + l. Calculate the remainder when 5 is divided by (5 - (-95)/w)*8.
1
Suppose -j - 28*j + 3683 = 0. What is the remainder when j is divided by 10?
7
Let w = 428 + -178. Let m = w - 165. Let d = 53 - 24. What is the remainder when m is divided by d?
27
Suppose -4*q + 4171 = 3*z, 2034*q - 2032*q + 4*z = 2078. What is the remainder when q is divided by 60?
25
Let g(m) = -2*m + 45. Let a be g(49). Let q be (-2)/(-10) + 1234/5. Let r = a + q. Calculate the remainder when r is divided by 49.
47
Suppose 27*p = 25*p + 4. Suppose 0 = -w - 4*a + 122 - 46, 0 = -3*w - p*a + 218. Let o(i) = -20*i - 1. Calculate the remainder when w is divided by o(-1).
15
Let a be (4/10)/(-10*(-3)/375). Suppose -a*h + 180 = 4*h. What is the remainder when 157 is divided by h?
17
Let i = -813 - -1117. Calculate the remainder when 915 is divided by i.
3
Let h = -125 - -184. What is the remainder when h is divided by (231/(-140) + 15/100)*-2?
2
Suppose -68*f = -73*f + 395. Let q = 326 - 304. Calculate the remainder when f is divided by q.
13
Let z = 51 + -47. Suppose z*c = c + 42. Suppose -o + 42 = c. What is the remainder when 136 is divided by o?
24
Let k = -3496 - -3941. Calculate the remainder when k is divided by 229.
216
Let n(p) = -3 + p - 2 - 5 + 4*p**2 + 3. What is the remainder when n(-4) is divided by 30?
23
Suppose 3930 = 7*z - 5*o, 0*z = -4*z - 5*o + 2230. What is the remainder when z is divided by (102 - 3)*(-3)/(-9)?
32
Let s(t) = -12 + 2*t + 6*t - t**2 - 9*t. Let o be s(14). Let g = -155 - o. What is the remainder when g is divided by 14?
11
Let c be (1/2)/((-7)/(-35 - -7)). Suppose c*x - 5*z = 63, -3*x + 47 = -z + 3*z. What is the remainder when 31 is divided by x?
12
Suppose 1599 = 24*w - 177. Suppose 0 = -13*k + w + 121. What is the remainder when 162 is divided by k?
12
Let y = 143 + -130. Suppose 95 = y*v - 8*v. What is the remainder when v is divided by 